 107 is divided by g?
51
Suppose 51 = 4*s + 3*g, -4*s + 6*s - 2*g - 22 = 0. What is the remainder when 105 is divided by s?
9
Suppose -2*x + 3 = -3. Suppose 4*j - 3*z = -z + 114, -z = x*j - 83. What is the remainder when (-778)/(-7) - (-1506)/(-10542) is divided by j?
27
Suppose 15 = 3*j - 3. Calculate the remainder when (-111)/1*(-2)/j is divided by 4/((-8)/(-30)) - -4.
18
Let f(y) = 4*y + 32. Let s be f(-6). Suppose 5*q + 3*n = 31, -q + 3*q - n - s = 0. Calculate the remainder when 19 is divided by q.
4
Let b = 315 + -284. Calculate the remainder when 88 - -1*(-3 - -4) is divided by b.
27
Let r = 0 + 4. Let z(m) = 38*m - 3. Let q be z(1). Calculate the remainder when 154/q - 2/5 is divided by r.
0
Suppose 0*d - 5*a = -2*d + 15, 5*d = 3*a + 47. What is the remainder when 21 is divided by d?
1
Suppose 25 = -7*r + 88. What is the remainder when 364/(-7)*1/(-2) is divided by r?
8
Let s be 4 - (-2 + 0)/(-2). Let t(l) = -l**3 + 5*l**2 - 3*l - 4. Suppose 23 = 3*f - 34. Calculate the remainder when f is divided by t(s).
4
Let z(u) = u**3 + 3*u**2 - 57*u + 10. What is the remainder when 43 is divided by z(-9)?
6
Suppose 5*i = v + 158, -4*v = -v + 9. Suppose 0 = 5*z + 6 + 9. What is the remainder when i is divided by (-31)/z + 6/9?
9
Let v = 8 + -16. Let w(q) = -q**3 - 8*q**2 - 2*q + 3. Let l = 117 + -63. Calculate the remainder when l is divided by w(v).
16
Let n(q) = -q**3 + 4*q**2 + 15*q - 12. Let d be n(6). Let t = 31 + d. Calculate the remainder when t is divided by 8.
5
Let u(p) = 52*p. Let j be u(1). Suppose -4*n = -5*d + 236, 5*n - j = -d + n. Suppose 12 + d = 3*c. Calculate the remainder when 77 is divided by c.
17
Let y(t) = -23 + 19 - 12 - 2*t. Calculate the remainder when 102 is divided by y(-21).
24
Let g be 557/(-13) + (-14)/91. Let t = 47 + g. Calculate the remainder when 8 is divided by t.
0
Calculate the remainder when 2757/19 + 6/(-57) is divided by 89.
56
Let h be (-426)/(-10) + (-6)/(-15) + -1. Suppose -h - 2 = -4*r. What is the remainder when 20 is divided by r?
9
Let w(j) = -13*j + 171. What is the remainder when w(5) is divided by 18?
16
Let y be (4/3)/((-3)/(-81)). Let a be 189/y*(-8)/(-3). Suppose 0 = -12*w + a*w - 12. Calculate the remainder when 11 is divided by w.
5
Let z = 305 - 240. What is the remainder when z is divided by 11?
10
What is the remainder when (-1)/(-1)*(64 + -38) is divided by 22?
4
Suppose 2*q = q + 4*p - 5, 3*q - 30 = -3*p. Suppose -3*a + q*a - 212 = 0. What is the remainder when 157 is divided by a?
51
Let m(b) = -b**3 + b**2 - b + 7. Let k be m(0). Suppose -390 = 2*j - k*j. Calculate the remainder when j is divided by 21.
15
Let r = 699 - 448. Calculate the remainder when r is divided by 64.
59
Suppose -5*c + 3*q = 8*q - 505, q + 4 = 0. Suppose c*v - 110*v = -25. What is the remainder when v is divided by 4?
1
Suppose 84 = 3*f + 5*z, 0*f - 3*z = f - 32. Let l = 100 - -14. Calculate the remainder when l is divided by f.
22
Let c(j) = 3*j - 34. Suppose 10*u = 14*u - 56. What is the remainder when -8*(2 + (-46)/8) is divided by c(u)?
6
Let y = -120 + 149. What is the remainder when y is divided by 8?
5
Let y(t) = 12*t**3 + 3*t**2 - 2*t - 2. Let k = -3 + 6. Suppose 0 = -k*m - 2*m + 130. Calculate the remainder when y(2) is divided by m.
24
Let a(n) = -12*n + 10. Calculate the remainder when a(-4) is divided by 16.
10
Suppose -30 + 10 = -5*k. Calculate the remainder when 3/3*8 - k is divided by 3.
1
Let o = 28 - 24. Suppose 4*c - 2*c - o*y = 54, -4*c + 138 = 2*y. What is the remainder when c is divided by 2/4*(33 - -1)?
16
Suppose -36*b - 6070 + 24286 = 0. What is the remainder when b is divided by 51?
47
Let v(n) = -n**2 + 9*n - 6. Let q be v(8). Suppose -6*y + 14712 = -2*y. Calculate the remainder when q/(-13) + y/78 is divided by 12.
11
Let r(w) = 69*w - 458. Calculate the remainder when 469 is divided by r(8).
93
Suppose -7*r = -3*r - 108. Let v(x) = x**2 - 8*x. Let f be v(8). Suppose d - 3*i - 3 - 16 = f, -4*d + 20 = 2*i. Calculate the remainder when r is divided by d.
6
Let k(s) = -3*s**3 + 3*s**2 + 6*s + 17. What is the remainder when k(-7) is divided by 32?
31
Let t be 10*(2 + (-6)/4). Suppose 3*m - 4 = t. Suppose 5*i + 199 = m*l, 2 = -3*i + 14. What is the remainder when l is divided by 19?
16
Suppose 3*x - 6 = 4*c, -3*c = -2*c. Calculate the remainder when 37 is divided by (x - 1/(-1)) + 24 + -7.
17
Let v(f) = f**3 + 5*f**2 + 4*f - 1. Let g = -9 + 6. Let c be v(g). Suppose c = 5*b - 10. What is the remainder when 10 is divided by b?
1
Let n(f) = 1. Let r(q) = q**2 - q - 15. Let u(w) = 2*n(w) - r(w). Let y be 3 + (-3 - (1 + -1)). What is the remainder when u(y) is divided by 5?
2
Let k = -18 - -20. Suppose 3*u + 2*s - 5*s = 30, 2*u + 4*s - k = 0. Suppose -u*r + 75 = -2*r. What is the remainder when 59 is divided by r?
14
Let y be (6/7)/(7/(-49)). Let i = y + 9. Calculate the remainder when 20 is divided by i.
2
Suppose 153 = -102*k + 106*k - 147. Let h = -31 - -47. Let t = h + 10. Calculate the remainder when k is divided by t.
23
Suppose -126 = -11*z + 105. What is the remainder when 102 is divided by z?
18
Calculate the remainder when 356 is divided by (13 + -15)*(-29)/2.
8
Let m = -871 + 977. What is the remainder when m is divided by 10?
6
Suppose 3*c = -4*w + 18, 0 = -c - w + 1 + 6. Suppose 88 - 24 = 3*h + 4*k, 0 = -h - 4*k + 32. Calculate the remainder when h is divided by c.
6
Let n = -5 + 10. Suppose 4*b - 3*r = 50, b + r - n = 11. What is the remainder when b is divided by 3?
2
Let u = 352 - 303. What is the remainder when u is divided by 23?
3
Suppose b + 1 - 5 = 0. Suppose 0 = z + 3*y + 2*y - 21, 0 = 2*z + 3*y - 70. What is the remainder when z is divided by -1*21*7/((-42)/b)?
13
Suppose 290 = 14*t - 466. Calculate the remainder when 207 is divided by t.
45
Calculate the remainder when (-5)/(0 - 55/286) is divided by 15 + ((-2)/1 - -1).
12
Let s = -1587 + 1603. Calculate the remainder when (-2)/(-1 - -3)*-111 is divided by s.
15
What is the remainder when 89 is divided by 4/((-12)/37)*1*-3?
15
Suppose 4*q - 12 = 2*p + 8, 0 = -5*p - 10. Let t = 7 + q. Suppose -9 - 84 = -3*r. Calculate the remainder when r is divided by t.
9
Suppose -12 = 3*l, 3*l + 3 = 3*c - 6*c. Suppose -15 + c = -o. What is the remainder when o is divided by 5?
2
Suppose 5*p = -3*d + 6 + 4, d - 5*p - 10 = 0. Calculate the remainder when ((-14)/3)/(d/(-45)) is divided by 216/10 - (-2)/5.
20
Suppose 2*g - 2*f = 344, 5*f - 55 = -g + 99. What is the remainder when g is divided by 43?
40
Let l(d) = -d**3 - 7*d**2 - 7*d + 43. Calculate the remainder when l(-6) is divided by 35.
14
Let g(v) = -11*v - 47. Let k be 28/8*(-1 - 1). Calculate the remainder when g(k) is divided by 8.
6
Calculate the remainder when 377 is divided by (-263)/(-7) - (0 - (-9)/(-21)).
35
Suppose 2 = -2*h + 8. Suppose 2*p = -3*p + h*k + 21, -10 = -4*p - k. Suppose -s = -3*w + 28, -w + 2 = -p*s - 2. Calculate the remainder when 27 is divided by w.
7
Let a(o) = -o**3 + 7*o + 12. Calculate the remainder when 46 is divided by a(-3).
10
Let m = 603 + -164. What is the remainder when m is divided by 21?
19
Suppose -2*g = -13*s + 16*s - 1229, 5*g = -4*s + 3090. Calculate the remainder when g is divided by 201.
19
Suppose -5*s + 35 = -c, -7*s + 3*s + 28 = 3*c. What is the remainder when 29 is divided by s?
1
Suppose -3*x = o - 21, -5*x = -2*o - 2*o + 16. Suppose -2*u = -107 - 79. Let t = -69 + u. What is the remainder when t is divided by o?
6
Let d be -19*((-72)/56 - 4/(-14)). Suppose d + 4 = a. Calculate the remainder when 113 is divided by a.
21
Let w = -2 + 9. Let k(s) = s**2 - 8*s + 8. Suppose 3*n = 5 + 4. What is the remainder when n is divided by k(w)?
0
Suppose 0 = 5*m - 16*m + 154. What is the remainder when 36 is divided by m?
8
Suppose -11*g + 303 = 182. Calculate the remainder when 38 is divided by g.
5
Let j be (-2)/(20/(-28) + 1). Let g be -4 + 4 + -2 - j. Suppose g = 2*d - 3. What is the remainder when 14 is divided by d?
2
Suppose -2*w - 875 = -7*w. What is the remainder when w is divided by 44?
43
Let f(m) = 10*m + 3. Calculate the remainder when 946 is divided by f(7).
70
Suppose m - 5*m = -3*l + 49, -5*m + 94 = 3*l. Let q(j) = -j**3 - 3*j**2 + j. Calculate the remainder when l is divided by q(-4).
11
Let q(l) = l**3 + 4*l**2 - 18*l - 26. S